e of -3 - (-7 - 2) - (-5 + -5)?
16
What is the value of (3 + 0 + -6 - 0) + -4 + -4?
-11
What is 2 - (37 - 39 - (10 + 0) - -8)?
6
What is -6 - -12 - (-38 - -37)?
7
5 + (13 - (1 + -3)) + -9
11
68 - 59 - (0 + -2)
11
Calculate (4 - -30) + -27 + -9.
-2
Evaluate (-1 - (-3 + 7)) + -6.
-11
What is the value of -2 - (1 - -8) - -8 - (-10 - -4)?
3
Evaluate -1 + -17 + -5 + -14 + 23.
-14
What is the value of 5 + 11 + (-3 - (-1 + -3)) + -5?
12
Evaluate (177 - 158) + (1 - 10).
10
-1 + (17 + -5 - -3) - (63 - 74)
25
What is the value of -40 - -28 - (7 + -36)?
17
6 + (4 - 7) + -28 + 11
-14
What is the value of -1 + 0 + (19 + 9 - 11)?
16
What is the value of 28 + (29 - 14) + -58?
-15
What is the value of 19 + (-10 + (-6 - -12) - -5)?
20
Evaluate -69 - -48 - (-7 + 2).
-16
What is the value of 13 + (5 - 12 - -4) - -16?
26
2 + 1 + 6 + (-34 - -21)
-4
What is the value of -16 + (5 - 8 - (5 - 7))?
-17
Calculate 4 + -11 + -2 - (-2 + -2).
-5
What is (-3 + 20 - 8) + -14?
-5
What is (-138 - -142) + (-1 - (-1 - 0))?
4
Calculate (-13 - (-22 + 10)) + -4 + 1.
-4
-1 + (-14 - -3) + 14 + 12
14
What is -14 - 1 - (-13 + -10 - -20)?
-12
Evaluate -10 + 22 + -27 + 10.
-5
Calculate -25 + 2 + 33 + -23.
-13
-6 + (8 - 5) + 10
7
What is the value of 6 + -6 - -12 - (31 + -24)?
5
Calculate -5 - (1 - (6 + 2)) - (1 + 6).
-5
What is (15 + (-31 - 3) - -30) + -29?
-18
-3 + (-31 - (-46 + 22))
-10
What is the value of (1 - 14) + 14 - (4 + 2)?
-5
What is the value of 5 - (4 - (1 + (0 - 4) + 11))?
9
(-5 + 2 - -4) + 3
4
Calculate -4 + -6 + (1 - 4) + 1 + 6.
-6
What is the value of (-175 - -181) + (-3 - (3 - 18))?
18
What is (2 - -7) + (-35 - -8) - -6?
-12
Evaluate 9 - ((-19 - (-4 - 9)) + -5).
20
What is the value of -14 + 2 + 12 + -11?
-11
What is the value of 3 - (2 - 12 - -4) - (0 - 2)?
11
Evaluate (1 - -4 - (5 - -28 - 16)) + -1.
-13
What is (-3 - (1 - (2 - 0))) + -10?
-12
Evaluate 33 - (-6 - 22 - -35).
26
5 - 4 - (-3 + 1 + (-4 - -4))
3
Evaluate (-15 - 52) + (13 - -25).
-29
-8 + 25 - (-12 + 20) - 27
-18
Evaluate -4 - -8 - (27 - -9 - 7).
-25
Evaluate 2 - 5 - (4 + 0 + -18 - -4).
7
Evaluate 0 + 9 + -3 - -1.
7
-9 - (-4 + -12) - -4
11
Calculate (-19 - -1 - (-19 + 12)) + (8 - 1).
-4
What is the value of 17 + -28 - -15 - (2 + 8 + 2)?
-8
What is the value of 22 + -39 - -24 - (37 + (2 - -1))?
-33
What is 0 + (38 - (27 + 3))?
8
What is the value of -5 + -7 - (8 - 16)?
-4
Evaluate 59 + -16 + -25 + -48.
-30
Evaluate 33 + (4 - -4) - (21 + -17 + 6).
31
348 - 320 - (3 - -47)
-22
What is 8 + 2 + (14 - 6) + -14?
4
What is -18 - -8 - (-9 - -6) - (1 - 2)?
-6
Evaluate 563 + -544 - (-2 - -21).
0
Evaluate 5 + -26 + 1 + -3 + 10.
-13
Evaluate (-41 - (-25 - -10)) + 16.
-10
Calculate (-13 - -3) + 0 + 3 + (-3 - -6).
-4
36 + -26 + 6 + -39
-23
Calculate 6 + (-23 - 1 - 1).
-19
Evaluate -17 + 4 - -3 - (-7 + 2).
-5
What is (0 - 4) + (-162 - -169)?
3
36 - (48 + -3 - 21)
12
What is (4 - 7) + (41 - (-14 - -38))?
14
Calculate 0 - -7 - (169 - 156) - 7.
-13
-20 + 22 - (20 - 2) - -3
-13
(-10 - -14) + (-17 - -12 - (-3 - -12))
-10
What is (10 - 31) + 51 + -16?
14
Calculate -17 - (-3 + 0) - ((3 - 3) + -5).
-9
Calculate -12 - (8 + (-27 - -13) + 8).
-14
Calculate -2 - (-8 + (-9 + 5 - -9)).
1
Calculate 8 - 39 - (-186 - -129).
26
Evaluate -108 + 58 + 43 - (0 - -10).
-17
Evaluate 16 + -19 + 22 - 12.
7
Calculate 11 - (18 - -6) - (-5 + 3).
-11
Calculate 3 + 6 + 1 - (-98 + 114).
-6
Evaluate 232 + -203 - (30 - 1).
0
Calculate 4 + (11 - 16 - 1) - (-5 + -13).
16
What is the value of 15 - (16 + -2 + -16 + 12 + -3)?
8
Evaluate 2 - (-2 - (14 + -19 + 10)).
9
Evaluate -18 + 2 + (-96 - -111).
-1
Evaluate -16 - (-17 + (-25 + 8 - -39)).
-21
What is (-94 - -37) + 20 - -14?
-23
What is the value of (2 - 3) + (2 - 5 - -7) + -1?
2
What is 11 + 0 + (56 - 28) + -13?
26
4 + 4 - (-9 + 22 + 1)
-6
What is -2 + 1 - (47 + (-8 - 24))?
-16
What is the value of (-15 - -1 - (-17 - -15)) + 0?
-12
Calculate 19 + (17 + (4 - 7) - 5).
28
What is 11 - 0 - 1 - ((17 - 64) + 48)?
9
What is (38 - 33) + -2 + 5 + 0?
8
Calculate 0 + -20 - (8 + -23).
-5
What is -31 + 23 + -12 + 19?
-1
Evaluate (1 + 30 - 6) + -17.
8
(18 - (-5 - (-5 + -9))) + -17
-8
Evaluate (-6 - -8) + 3 - -1 - (-6 - 1).
13
What is the value of 7 + (-17 - -17) - (-1 + 0)?
8
What is 5 + ((18 - -2) + -8 - (-1 - -7))?
11
What is the value of -1 - (-6 + (-2 - -7))?
0
Calculate 0 + -2 + 20 + -9 - (9 - 2).
2
Evaluate -8 - (12 - (1 - -18) - (-1 - 3)).
-5
Calculate (-5 - 21) + 25 + -6.
-7
(9 - -21) + -14 - (3 - -15)
-2
What is 0 - -2 - (182 - 169)?
-11
(57 - 23) + -23 - 6
5
(1156 - 1122) + -1 + -23
10
(-15 + -6 + 8 - 12) + 5
-20
What is the value of -29 + 37 + -15 - (2 + -1 + 1)?
-9
Calculate 17 + (8 - 4) + -10.
11
Calculate -24 - ((-1 - 6) + -8).
-9
What is the value of (-21 - -22) + (8 - 1) + -6?
2
What is -9 - (11 - 29 - 4)?
13
Evaluate 0 + -7 + (147 - 129).
11
Evaluate 2 - (-4 - (-10 + -3)).
-7
What is 34 - (-19 + 12 + 30)?
11
What is -1 + -1 + (1292 - 1315)?
-25
What is the value of (7 - -4) + 2 + -13 - 8?
-8
What is the value of (6 - 7) + 116 + -110?
5
(1 - 4) + -2 + -1 + 0 + -4
-10
What is the value of 9 + -4 + -139 + 139 + 1 + -7?
-1
Evaluate -8 + 3 + (4 - 5) + 20 + 17.
31
Evaluate 43 - 47 - ((-5 - (4 + -10)) + 5).
-10
Evaluate 16 + -4 - (27 + -24).
9
Evaluate (76 - 57) + -30 + 1.
-10
What is the value of (-2 - (-8 + -3 - 7)) + (8 - 3)?
21
What is -6 - (1 + -10 - 13)?
16
Calculate -5 + -13 + 33 + -2.
13
Calculate -12 + 15 + (11 - 25 - 5).
-16
Evaluate -136 + 132 - (2 - 11).
5
Evaluate 28 - 25 - (-3 + -3) - (33 - -1).
-25
What is the value of 15 - (-10 + 15 + -4)?
14
Evaluate 3 + -10 + (-67 - -85).
11
Calculate -43 - (-4 + 2 + -14).
-27
Calculate -19 - (24 + -5 - 27).
-11
What is -2 + -3 + (9 - (-19 - -15)) - 29?
-21
What is 5 + -3 + 6 + -7 - -4?
5
Calculate 7 - ((-1 - -2) + 8 - -1).
-3
Evaluate 12 - (-8 - (-16 - (11 + -37))).
30
-19 + 9 + (4 - 11 - 11)
-28
What is 8 + -18 - (-2 + 5)?
-13
What is -2 + 17 - 24 - -6?
-3
Calculate 19 + -11 + -2 + 8 + 0.
14
Evaluate 3 + -7 - (-7 + 2).
1
What is the value of 4 + -10 + (1 - -10) + -24?
-19
Calculate -6 + (13 - 13) - 7.
-13
23 - (32 - 13) - (-1 - -1)
4
Calculate -11 + (-10 - (7 - -2) - -5).
-25
Evaluate 2 + 8 + -5 - 7.
-2
What is the value of -2 - (3 - -1) - (-2 - (31 + -11))?
16
Calculate 9 + (-29 + 26 - -16).
22
Calculate (-16 - -19) + -12 + 2.
-7
Evaluate 1 - (-8 + (-3 - -7 - 1) + 9).
-3
Evaluate 26 - (23 + 17 + -23).
9
What is 6 + -1 + -4 + 21 + -17?
5
What is the value of 29 + -20 + (5 - (-4 + 4))?
14
What is 16 - ((-8 + 5 - -8) + 33)?
-22
Calculate (4 - -6) + -6 + 4 + -14.
-6
(-3 - -2 - (-1 - -3)) + -2
-5
What is 14 + (15 + -9 - -5)?
25
Calculate -5 + (77 - 82 - (2 - -3)).
-15
Calculate 18 + (27 - -7 - 24).
28
What is the value of (69 + -61 - (11 + -1)) + 3?
1
Calculate 4 + (-2 + 6 - 5 - -3).
6
What is 14 + 1 + (-139 - -110) + 4 + 2?
-8
Calculate -4 - ((-3 - -1) + (-19 - -15)).
2
Calculate 16 + (15 - 17) + 0.
14
Calculate -32 - (-14 - 2) - -40.
24
What is the value of 10 + (8 - 12) + -2 + 10?
14
What is the value of (-13 - (-19 - 16)) + -16?
6
What is the value of 2 - (17 + (6 - 17))?
-4
Evaluate (-68 - 1) + (-207 - -251).
-25
Evaluate 2 + -15 - (-158 - -149).
-4
Evaluate 223 + -241 + -16 + 1.
-33
What is the value of 19 - (65 - 24 - (-4 - -18))?
-8
Calculate (-5 - 5 - -11) + 10.
11
What is the value of (11 - (24 + -2)) + -3 + 3?
-11
Calculate 7 + -36 - -26 - (-9 - (-4 - -1)).
3
-1 + -6 + -1 - (543 + -551) - 4
-4
Calculate (-4 + 21 - 4) + -6.
7
Calculate -1 - (23 + -6 - 14).
-4
What is (-301 - -299) + 8 + -4 + 13?
15
What is the value of 19 + -19 + -11 + 16?
5
Evaluate 13 + 15 + (-8 - 24).
-4
What is the value of -6 + 5 + 4 - (0 - (0 + -1))?
2
What is the value of (-17 - 9) + 26 + 22?
22
What is the value of (16 - 15) + -7 + (-1 - 0)?
-7
Calculate 8 + -31 + 26 + (0 - -6).
9
Calculate -7 + 8 + (14 - -5 - 14).
6
What is the value of 1212 + -1203 - (-1 + 1 + -6 + 0)?
15
What is the value of 2 + 5 + (62 - 4) + -59?
6
Evaluate -12 + (22 - (-28 - -49)).
-11
-8 + -1 + -9 + (3 - -3) + -2
-14
What is the value of (-136 - -144) + 8 + 4 + -2?
18
16 - (-3 - (9 + -4) - -18)
6
Calculate 1 + -10 + (-30 - (-68 - -40)).
-11
Calculate 26 + (3 - 1) + (15 + -16 - 5).
22
Calculate 19 - (-1 + -1) - 30.
-9
37 - (8 - (-15 - (13 - 27)))
28
Evaluate -29 + 15 + 2 + 2 + -1.
-11
Calculate 9 - (-2 +